 d = u + -8. Suppose -m - 89*y = -86*y - 57, -4*y + 61 = m. What is the highest common factor of d and m?
9
Suppose 0 = -26*q + 4*q + 1298. Let b be 3*(132/(-9) + 2). Let t = q + b. Calculate the highest common divisor of t and 63.
21
Let f be 42/(-42) - (0 - (0 + 721)). Let p be ((-1)/(-2))/(8/f). Let s = 10 - -20. Calculate the greatest common factor of p and s.
15
Let r(s) = 22*s - 37. Let y be r(23). Suppose 5*z - 1091 = y. What is the greatest common divisor of z and 24?
24
Let y(s) = 5*s**2 + 147*s - 741. Let v be y(5). What is the highest common divisor of 56 and v?
7
Suppose -4*d = 122 + 474. Let n = 159 + d. What is the greatest common divisor of 290 and n?
10
Let v = -24 + 37. Let s(a) = a**3 - 4*a**2 - 8*a + 15. Suppose 96 = 6*x + 10*x. Let p be s(x). What is the highest common factor of p and v?
13
Let w(i) = 4*i. Suppose 0 = 3*a - 6. Let g be w(a). Suppose -2*u + 80 = l, 64*l = 68*l - 4*u - 368. What is the greatest common factor of l and g?
8
Let o(v) = v**2 + 7*v - 27. Suppose -11 = -259*c + 260*c. Let z be o(c). What is the greatest common factor of z and 17?
17
Let y = 337 - 197. Calculate the highest common divisor of y and 1988.
28
Let a = 89 + 54. Let f be (a/52)/((-14)/16 + 1). Suppose -11 = -3*l + f. What is the highest common divisor of 22 and l?
11
Suppose 4*p - 78 = -5*b, -16*b = -13*b + p - 44. Suppose -10*t = -b*t + 16. Calculate the greatest common factor of 20 and t.
4
Let k = 12359 - 9706. What is the highest common factor of 7 and k?
7
Suppose 7*l - 2*l + v - 103 = 0, 3*v = l - 27. Suppose 6*c + l = 201. Calculate the greatest common factor of 24 and c.
6
Suppose -2607 - 1111 = -26*n. Suppose -3*p + 36 = -3*b, 0*b + 5*b = -2*p + 17. What is the highest common factor of n and p?
11
Let f = 15 + 25. Suppose -4*y - 3*r = -4009, -3*y - 153*r + 151*r + 3006 = 0. What is the greatest common factor of y and f?
40
Let f(j) = -10*j - 11. Let p be f(-2). Suppose 2*z + 6 = 0, -5*g = -p*g - 3*z + 471. What is the highest common divisor of 15 and g?
15
Let p be (0 - 0) + 429 - (3 - 3). Suppose 2*v = -3*s + 301, 5*v = s - 116 + 27. What is the highest common divisor of p and s?
33
Let n be ((-2)/2 - -1)/2. Suppose n = -2*c - 7 + 11. Let d be (2*3/(-3))/(c/(-32)). What is the greatest common divisor of 80 and d?
16
Suppose 145728 = 40*l - 7*l. What is the highest common factor of l and 96?
96
Let b(t) = -2*t**3 + t**2 + 19*t + 26. Let j be b(-2). What is the highest common factor of j and 176?
8
Let x(n) = n**2 - 22*n - 16. Let p be x(24). Let s be 2/7 + 6318/(-63). Let u = -68 - s. What is the highest common divisor of p and u?
32
Suppose 0 = 2*d - 6*d + 2*m, 4*d - 2 = 3*m. Let v be ((-1)/2)/(((-1)/(-168))/d). Calculate the highest common divisor of v and 224.
28
Suppose 5*r + 7 = n - 4, 2*r + 6 = 2*n. Let c(w) = -4*w**3 - 3*w**2 + 5. Let t be c(r). Suppose t = -5*f + 6*f. What is the greatest common divisor of f and 5?
5
Let s = -13646 - -13690. Let m be (-15)/10*(-22)/3. Calculate the highest common divisor of s and m.
11
Let o(b) = 8*b - 154. Let a be o(22). Calculate the highest common divisor of a and 4.
2
Let o(x) = 79*x**2 + 207*x - 1518. Let m be o(8). Calculate the highest common factor of 98 and m.
98
Let x be 8996/(-30) - 27/(810/4). Let h be x/(-450) - ((-8)/6)/1. Calculate the highest common divisor of 98 and h.
2
Let r be (-50)/(-6) - (51/(-9) - -5). Suppose 1 - 9 = -4*g. Let c(q) = 26*q + 11. Let k be c(g). What is the greatest common divisor of k and r?
9
Let b be (-1)/5 - 3264/(-120). Let s = b + -24. Suppose -s*j = 3*j - 360. Calculate the highest common divisor of 12 and j.
12
Suppose 0*l - 5*l + 516 = 4*x, -4*x + 516 = 4*l. What is the greatest common factor of 1419 and x?
129
Let g(h) = h**2 - 9*h + 378. Let i be g(0). What is the greatest common factor of i and 1638?
126
Let l(u) = -u**3 + 28*u**2 - 13*u - 36. Let y be l(28). Let d be (-1)/6 - y/96 - -4. What is the greatest common factor of d and 152?
8
Suppose 2*c = -5*g + 20, 5*c = 8*c - g - 47. Let k be 18*(-60)/(-8)*(3 + -2). Suppose k = j - 0*j. What is the highest common factor of c and j?
15
Let d(y) = -287*y + 2310. Let a be d(8). Calculate the highest common factor of a and 1792.
14
Let a be (1 + -88)*10/(-6). Suppose 0 = 4*v - 5*l - 123 - a, -v + 58 = l. Suppose -122 = -3*w - 29. What is the greatest common factor of w and v?
31
Let d(c) = -29*c - 40. Let g be d(-7). Let z = g + -161. Suppose 3*i - 2 = -2*a - 0*a, -2*i + 4*a = -12. What is the highest common factor of z and i?
2
Let j(o) = -30*o. Suppose n + 2*n + 3*t + 15 = 0, n - 2*t = 7. Let i be j(n). Let f = 11091 - 10851. What is the highest common divisor of i and f?
30
Suppose 3*f - 295 = -4*z + 735, -4*f - 5*z = -1373. Calculate the highest common factor of f and 45.
9
Let k be (9/(2/(16/6)))/(-1). Let q be (k/7)/(1*10/(-455)). Let h be q/8 - 2*(-6)/48. Calculate the greatest common divisor of h and 40.
10
Let x(r) = -191*r + 2. Let v be x(-2). Suppose -u = u - 18. Suppose 5*j = u*j - v. What is the highest common divisor of j and 12?
12
Suppose 17*x + 252 = 19*x + 3*i, i - 4 = 0. What is the highest common factor of 11640 and x?
120
Let j be 2/1*(-15 - -31 - -127). Calculate the greatest common factor of 312 and j.
26
Suppose b - 1584 = -2*b. Suppose -260 - 124 = -50*v + 1266. Calculate the highest common divisor of v and b.
33
Suppose 0*f - 470 = -5*t + 5*f, 4*f = -4. Let l = 158 - t. What is the highest common divisor of 5 and l?
5
Let z(k) = k**3 + 18*k**2 + 25*k - 51. Let v be z(-16). Let y = 223 + v. Calculate the highest common factor of 71 and y.
71
Let p be 11 + (2354/22 - -4). What is the highest common divisor of 6 and p?
2
Let k = -2912 - -2914. What is the highest common divisor of 58 and k?
2
Let m = -15967 + 16185. Calculate the highest common factor of m and 9374.
218
Let m be 23 + (27 + -13 - 14). Suppose 3*d + 3 = 9. What is the greatest common factor of d and m?
1
Suppose 2*g = -n + 39, 0 = -5*g - 2*n + 99. Suppose -g*s + 3933 = 2*s. Calculate the highest common divisor of 19 and s.
19
Let y = 11760 - 8494. Calculate the greatest common factor of y and 138.
46
Let x = -3 + 5. Suppose 162 = -41*k + 59*k. Suppose -k*m + 5 = -4*m. Calculate the greatest common divisor of x and m.
1
Let s(u) = u**3 - 26*u**2 - 20*u - 156. Let y be s(27). Calculate the greatest common divisor of y and 25.
1
Suppose 25*w = 21*w + 60. Let g be ((-7)/(-2))/((-12)/168). Let u = -44 - g. What is the highest common factor of u and w?
5
Suppose -132 = -2*v + 1194. Suppose 5*c - 4*k - 162 = 117, -5*c + k = -261. Calculate the greatest common factor of v and c.
51
Let n(s) = -5*s + 66. Let m be n(20). Let g(t) = 13*t + 486. Let o be g(m). Calculate the greatest common factor of o and 484.
44
Suppose 103 = 3*o - 6*z - 377, 3*o - 488 = -2*z. What is the greatest common factor of o and 30?
6
Suppose 0 = -5*q - 129 + 2204. Let f(v) = -503*v + 13586. Let l be f(27). What is the greatest common divisor of l and q?
5
Let q = 26 - 10. Suppose 530 = -32*j + 1554. Calculate the highest common divisor of j and q.
16
Suppose b = -5*b + 6. Let o be ((-18)/48*-2)/(b/432). Suppose -c - o = -10*c. Calculate the greatest common divisor of c and 60.
12
Let p be (6 + 5/(-10))*122 + 1. What is the highest common factor of 1728 and p?
96
Let g(s) = s + 1. Let r(w) = 28*w - 210. Let c(m) = 21*g(m) - r(m). Let t be c(14). What is the highest common factor of 57 and t?
19
Let o be (-5648)/(-42)*(-135)/(-108) - 14/147. What is the highest common factor of o and 2324?
28
Let u be 7*(-93)/1085*(-370)/3. Calculate the highest common factor of 185 and u.
37
Let k(r) = r**2 - 10*r + 5. Let b be k(12). Let f = 3039 + -1473. Suppose z - f = -5*z. Calculate the highest common divisor of b and z.
29
Suppose 2*r + 2*a - 470 = 0, -3*a + 8*a - 20 = 0. Calculate the highest common factor of 420 and r.
21
Suppose 2*r - 4*g - 17 = 3, g = -r + 1. Suppose 5*s = r*z - 181, 3*z - 23*s - 138 = -20*s. Calculate the greatest common factor of z and 35.
7
Let k(q) = 486*q + 4623. Let x be k(-8). What is the greatest common factor of 441 and x?
147
Let n be (2*476 - 3) + -1. Suppose -8*v + 4*v - 3*s = -n, -s + 1196 = 5*v. What is the greatest common divisor of 96 and v?
48
Let j(k) be the second derivative of k**5/20 - 7*k**4/12 - 7*k**3/6 +